 is the tens digit of g?
3
Suppose -69*h + 63*h = -18. Suppose l - 2*c + 33 - 182 = 0, -5*c - 10 = 0. Suppose 10 = -h*b + l. What is the units digit of b?
5
Let h = 650 - 653. Let m(b) = -22*b**3 - b**2 - 3*b - 20. What is the tens digit of m(h)?
7
Suppose -13*r - 8*r + 558879 - 110466 = 0. What is the tens digit of r?
5
Let d(k) = -4*k**2 - 2*k + 10. Let x(c) = -21*c**2 - 11*c + 50. Let i(n) = -11*d(n) + 2*x(n). What is the hundreds digit of i(12)?
2
Let j(c) = c**3 + 34*c**2 + 64*c + 242. What is the thousands digit of j(-18)?
4
Let n(c) be the second derivative of -c**4/3 + 29*c**3/6 + 11*c**2 + 32*c. What is the units digit of n(7)?
9
Let d = -12247 + 23315. What is the hundreds digit of d?
0
Suppose -3*u = -2*d + 6280, u + 45 = 4*d - 2065. What is the hundreds digit of ((u/6)/19)/(2/(-78))?
7
Suppose 47*i - 81755 = 20188. What is the tens digit of i?
6
Let o(g) = 47*g**2 + 1112*g - 75. What is the tens digit of o(-37)?
2
Suppose -8 = 2*f - 4750. Suppose 6*g - 3*g = -q + 781, f = 3*q + 2*g. What is the hundreds digit of q?
7
Let h = -253 - -249. Let r(m) = -11*m**3 + 9*m**2 + 5. What is the tens digit of r(h)?
5
Suppose 21 + 86 = -x. Let n be x*(-22)/(-3) + 2/3. What is the units digit of 7 + (-40)/6 + n/(-6)?
1
Let t(i) be the third derivative of 7*i**6/10 + i**4/24 - 10*i**2. Let y be t(-1). Let h = y - -100. What is the units digit of h?
5
Let w = -10 - -18. Suppose -4*h + 303 = -785. Suppose h = 12*o - w*o. What is the tens digit of o?
6
Let c = 567 + -156. Let x = -291 + c. What is the tens digit of x?
2
Suppose -2*a + 6925 = k, -5*k + a - 3*a + 34665 = 0. What is the hundreds digit of k?
9
Let t(j) = 25492*j - 144. What is the ten thousands digit of t(1)?
2
Let k(d) = 5*d**2 - 59*d - 2446. What is the tens digit of k(-64)?
1
Let u = 1104 - 1558. Let h = u - -807. What is the hundreds digit of h?
3
Let w = -11 + 124. Let y(m) = m + w + m + 20 - 29. What is the tens digit of y(0)?
0
Suppose 5*q - 4*t = 67595, q = -70*t + 65*t + 13548. What is the tens digit of q?
2
Suppose 5*i = 67 - 257. What is the tens digit of -4*1 - (i - 117)?
5
Let c(z) be the first derivative of 3*z**2 - 3*z - 15. Let m be c(1). What is the units digit of m/((2/(-78))/((-2)/6))?
9
Let s(k) = 5*k**2 - 75. Let f be s(25). Suppose 0*h = -5*h - 5*v + f, -2*h = v - 1222. What is the hundreds digit of h?
6
Let t(b) = -b**2 - 8*b + 15. Let a be 1*3*(-2)/6*-8. Let j be a/(5/(-5)) + 2 + -3. What is the units digit of t(j)?
6
What is the ten thousands digit of (-1)/(-4)*-36*(5 - 6) + 26773?
2
Let v = -6 + 11. Suppose -v*y + 466 = -1899. Suppose -1111 = -12*r + y. What is the hundreds digit of r?
1
Let w(x) = -x**3 - 2*x**2 + 5*x - 8. Suppose 5*f + 5 = -15. Let a be w(f). Suppose 115 = a*o - 33. What is the units digit of o?
7
Suppose 118676 = 41*s - 18869 - 47693. What is the hundreds digit of s?
5
Let o be -22*(0 + 0 - -1). Let p(i) = -3*i - 49. What is the units digit of p(o)?
7
Suppose 0 = -76*x + 171*x - 2504675. What is the tens digit of x?
6
Let b(q) be the third derivative of q**4/2 + q**3 - 27*q**2. Let a be b(4). Let t = -52 + a. What is the units digit of t?
2
What is the thousands digit of (-393)/6*-5*(-10 + 11)*10?
3
Suppose 101*x - 105*x = 496. Let j = -94 - x. What is the tens digit of j?
3
Suppose 4*p = 5*i - 50815, 217*p = 216*p. What is the ten thousands digit of i?
1
Let z(l) be the first derivative of -7*l**3/3 - 39*l**2/2 - 35*l - 12. Let r(k) be the first derivative of z(k). What is the units digit of r(-13)?
3
Let o = 15074 + -5069. What is the hundreds digit of o?
0
Suppose 80 = 2*s + 3*s - 4*a, 0 = -2*s + 3*a + 39. Suppose 0 = -3*q - s, -5*q = -3*x + 7*x - 4096. What is the thousands digit of x?
1
Let p(x) = 473*x + 28. What is the units digit of p(9)?
5
Suppose -39*d = -45*d + o + 5247, 5*d - 4*o = 4363. What is the units digit of d?
5
Suppose 0 = t - 328 - 596. Suppose -2*x = -4*x + 4*k + t, 2*k = 4. Suppose -5*n + x = 3*z + z, 2*n - 3*z = 168. What is the units digit of n?
0
Suppose -4*t = 5*x - 41, t - x + 0 = -1. Let w(o) = 7*o - 13. Let a be w(t). Let z = a - -9. What is the tens digit of z?
2
Let m(d) = d**3 + 5*d**2 - 17*d + 2. Let v be m(4). Let t be (1/(-6)*7)/((-13)/v). Suppose -t*x + 90 = -4*x. What is the tens digit of x?
3
Suppose 289 = 3*t - 2033. Let i = t + -387. What is the units digit of i?
7
Let l = 87 - 92. Let c be l + (-5)/5*9. What is the hundreds digit of ((-259)/c)/(1/10)?
1
Suppose 22*u - 27*u = 0. Suppose -16*g + 1785 + 3927 = u. What is the tens digit of g?
5
Suppose 37828 = -1459*h + 1464*h - 85647. What is the ten thousands digit of h?
2
Suppose 0 = -5*d + u + 19, -3*d - 5*u = -3 + 14. Suppose -d*r - 11 = -2*l, 7 = 4*r - l + 20. What is the tens digit of r/((18/60)/((-43)/5))?
8
Let d = 36 - 18. Let h(y) = y**2 - 19*y + 22. Let g be h(d). Suppose 0*a - 64 = -g*a. What is the units digit of a?
6
Let p(t) = 20*t - 136. Let l be p(14). What is the tens digit of l/(25/(-35) + 1)?
0
Let x(z) = -z**2 + 12*z - 27. Let f be x(7). Let m(o) = o**3 - 6*o**2 - 12*o - 5. What is the tens digit of m(f)?
2
Let y(d) = -4 - 6*d - 1 + 3. Let r be -4 - 0/(1 + 8/(-2)). What is the units digit of y(r)?
2
Let g be 6 + -9 - (3 + (-2407 - 2)). Suppose -5*m + 5*r = -3770 + 1355, -5*m + g = r. What is the tens digit of m?
8
Let w be (-5)/3*6/(-2). Let x(l) = l**3 - 7*l**2 + 5*l + 37. Let k be x(5). Suppose -w*g + k*g = 1610. What is the units digit of g?
0
Let u(h) = h**3 + 31*h**2 - 8*h - 74. Let o be u(-31). Suppose 6*s - 1242 = -o. What is the hundreds digit of s?
1
Let h = -6794 + 10368. What is the hundreds digit of h?
5
Let u(g) = -g**3 - 7*g**2 - 8*g - 4. Let n be u(-6). Let l be 1 + 3/2 + 4/n. Suppose -4*s + 4*p + 163 = -s, 2*s + l*p - 137 = 0. What is the tens digit of s?
6
Let b = 4504 - 2660. Suppose 4*r = p + b, 3*p + 32 = r - 429. What is the units digit of r?
1
Suppose -2*s + 5 = -7*s. Let x be s + 18462/(-289) + 4/(-34). Let v = x - -127. What is the tens digit of v?
6
Let v = 7122 - 4626. Let m = v - 1732. What is the tens digit of m?
6
Let t(k) = k**3 + 18*k**2 - 46*k - 205. What is the hundreds digit of t(-17)?
8
Let k(c) = c**2 + 7*c - 20. Let u be k(-9). Let a(t) = -t**3 - 3*t**2 + 2. Let w be a(u). What is the tens digit of w - 2 - -1 - -43*1?
4
Let b(l) = -l + 3. Let d(t) = -t + 15. Let r be d(14). Let q be b(r). Suppose -13 = q*a - 29. What is the units digit of a?
8
Suppose 26*t - 21*t = x - 1800, 5*t - 25 = 0. What is the tens digit of x?
2
Suppose 15500 = 5*k + 5*p, 4*p = -10 - 10. Suppose -18*a - k = -23*a. What is the hundreds digit of a?
6
Suppose 14 = 71*p - 73*p. Let i(b) = -50*b - 11. Let z be i(p). Let r = -227 + z. What is the units digit of r?
2
Let b(r) = 14*r**2 + 3*r + 11. Let q(n) = -11 - n**2 - 2 + 5*n - 6 - 22*n. Let a be q(-16). What is the hundreds digit of b(a)?
1
Let r(d) = 9*d - 391. Let x(v) = -2*v + 2. Let c(p) = -r(p) - 4*x(p). What is the hundreds digit of c(0)?
3
Let z(n) = 9*n - 97. Let y be z(15). Suppose 0 = -14*d - y + 416. What is the tens digit of d?
2
Suppose -5*f - 6 = o, f = -2 - 0. Suppose o*t - 2293 = -0*y - y, -5*t = 5*y - 2885. What is the units digit of t?
2
Let n(h) = -10*h - 33. Let r be n(-13). Let s = -90 - -95. Suppose 278 = s*d - r. What is the units digit of d?
5
Let b = -10637 + 16945. What is the hundreds digit of b?
3
What is the units digit of (-2)/10 - 580800/(-250)?
3
Suppose 3*p = 8*p - 5*r - 15, 2*p - r = 9. Suppose c - p*c + 551 = -m, 3*c = -2*m + 328. Suppose -3*l - c + 554 = 0. What is the hundreds digit of l?
1
Suppose -z + 1130*f - 1132*f - 35 = 0, z - f + 50 = 0. Let u = 23 - 123. What is the tens digit of (u/(-6))/((-5)/z)?
5
Let y(k) = -7*k + 21. Let v be y(3). Let t be -3*((-3)/9 + v) + 395. What is the units digit of (1/(30/t))/((-6)/(-20))?
4
Let w be (75/(-35))/(-2 + (-26)/(-14)). Suppose -1124 - 4081 = -w*c. What is the units digit of c?
7
Let u be 1466/(-4) - 3/6. Suppose 0 = 31*d + 6223 - 488. Let k = d - u. What is the hundreds digit of k?
1
What is the units digit of ((-54)/(-12) - (-5)/2) + 4746?
3
What is the thousands digit of (-19 - -16)*(7 + (-94196)/6)?
7
Let z = -35 - -39. Let r = 7 - z. What is the tens digit of 4/(-3) + 52/r?
1
Let t(f) be the third derivative of -35*f**4/24 + 8*f**3/3 - 3*f**2 - 26*f. What is the tens digit of t(-18)